aluate 7 + 18 + -6 + -7 - (1 + 11).
0
What is 1 + 18 + (142 + -74 - 71)?
16
Evaluate 10 - (-9 + -11 + 2 + 13).
15
5 - -5 - (-9 + 12)
7
What is the value of -5 - ((4 - 2 - -9) + -14)?
-2
Evaluate (-15 + 8 - -9) + -14 + 20.
8
What is -12 + 1 - (92 - 91)?
-12
What is the value of 2 + (-6 - -5) + 6 - (9 - 15)?
13
What is the value of -7 + 22 + -12 + -1?
2
What is the value of (3 - 8) + -1 + 6 + -5 + -3?
-8
Calculate -1 + -3 + -8 + 18 - (-12 + 10).
8
(0 - (2 - -1 - 1)) + -211 + 216
3
What is -20 + 1 - (-265 - -246)?
0
What is (2 - (-2 - 1)) + 16 + -14 + -19?
-12
What is the value of (16 - (15 + -6)) + (2 - (2 + 0))?
7
Calculate 10 + (2 - 14) - (0 - -6).
-8
What is the value of (8 - (-37 - -65)) + -4?
-24
What is (163 - 147) + 3 + -29?
-10
1 - (18 - (2 - -2))
-13
Evaluate (8 - ((13 - -4) + -3 + 11)) + 0.
-17
Calculate -6 - ((8 + -8 - 16) + 27).
-17
What is the value of -26 + 34 + -5 + 7 + -4 + 2?
8
(7 - (-29 + 8)) + -33 + 28
23
What is (14 - 32) + 44 - 20?
6
-1 - 11 - ((-10 - 8) + 19 + 5)
-18
Evaluate -20 - (18 - (13 - 5) - 11).
-19
24 - (9 + -5 - (-5 + 13 - 7))
21
Calculate (-12 - (15 + -25)) + 23 + (1 - 4).
18
What is -21 + 16 + -8 + -2 + 4?
-11
What is 20 + (2 - 11) + (-2 - -10)?
19
What is -2 + 11 + 1 - (18 + -39 - -21)?
10
0 + (7 - 4) - 0 - -8
11
What is the value of -15 - (-2 - (7 + -3))?
-9
What is 29 - 2 - ((-54 - -42) + -2 + 11)?
30
What is the value of 3 + 1 + 20 + (-20 - -7)?
11
Evaluate -3 - (0 + (-3 - (-2 + -1) - 9)).
6
Calculate 328 - 330 - (-1 + (19 - (3 - 3))).
-20
What is the value of -15 + (-2 - 9 - (5 - 8) - -3)?
-20
What is the value of 6 - ((-4 - -16) + -4 + -16)?
14
What is the value of 3 - -4 - (5 - (-4 + -3)) - -6?
1
Calculate (21 - (-2 - (-5 + -6 + 5))) + -8.
9
1 + (14 - -1) + -38
-22
Evaluate (1 - -10) + -8 + -10.
-7
(-40 - (-31 + -3)) + -9 + -1
-16
Evaluate (-9 - 6) + 1 - -8 - (3 - 16).
7
What is -4 + 3 - (-397 + 368)?
28
What is 34 - -11 - (5 + 18)?
22
Calculate (5 - 6) + 5 - (4 + -3 + 7).
-4
Evaluate -4 + (4 - 0) + -1 + (-3 - 0).
-4
What is -9 - 1 - (8 + (-7 - 21))?
10
Calculate 19 - 29 - (20 + -44 + 5 + 0).
9
What is -5 - 27 - (-48 + 31)?
-15
What is the value of 15 - 14 - (-40 + 19)?
22
What is 7 + (10 + -1 - (8 - 0)) + -9?
-1
Calculate 11 + 0 + (74 - 88) + 11.
8
What is -25 + 11 + (-8 - -17) + (0 - -7)?
2
Calculate 4 - (-7 + 16) - 2.
-7
19 + -40 + 11 - -1
-9
Evaluate -12 + 5 - (-28 + 3 + 12 + -9).
15
3 - (-5 - 0) - (4 - (13 + -21))
-4
9 + (-1 + -1 - -4)
11
What is the value of -11 + -15 + 7 + 8 + 17?
6
Calculate -6 + 45 + -52 + -2 + 0 - -2.
-13
-35 - -3 - (-9 - -10) - (-3 - 5)
-25
Evaluate 1539 + -1538 - (0 + 1 - -6).
-6
What is the value of (12 - (3 - -1)) + -13?
-5
Calculate -2 - ((-1 - 1) + 45 + -50).
5
0 + -17 + 1 + 3 - -10
-3
What is the value of (2 - 3 - -8) + -179 + 175 + -1?
2
Evaluate -4 - (-15 - -6 - (-4 - -1)).
2
Evaluate 8 - (0 + (13 - -2)).
-7
7 - (7 + (-7 - (0 + -16))) - -17
8
What is the value of 4 + (-15 - -14) + -5?
-2
Evaluate 0 + 28 + (-16 - -11) + -1.
22
Calculate (-3 + 19 + -5 + 3 - 6) + -3.
5
Evaluate (-258 - -259) + (-1 - -5).
5
Calculate -9 - (-30 + -10 + (-6 + 1 - -9)).
27
55 - (-41 + 4 - -69)
23
-1 + -3 - (-5 - 22) - (-47 - -45)
25
Evaluate -1 + 5 - (42 + -27).
-11
Evaluate (-28 - 4) + 61 - 48.
-19
Evaluate -8 + 0 - (-9 + -9 - (19 + -31)).
-2
What is 13 - (-42 - -15 - -22 - (-10 + 1))?
9
35 - (15 + 1 - (-135 - -137))
21
Evaluate 4 - (-6 + (10 - 2) + -6).
8
Calculate (50 - 32) + -13 - (1 - -7).
-3
What is -520 + 510 + 0 + 24?
14
Evaluate -5 - (0 - 0 - (6 - 7)).
-6
What is the value of 39 + -13 + (26 - 41)?
11
Calculate -19 + 22 + 5 + -1 - (6 - 1).
2
(-2 - 1 - (-15 + 11 + 3)) + -6
-8
(10 - 9 - 5 - -4) + 11
11
What is the value of 1 + -4 + 1 + 1 + 1?
0
What is the value of (-6 - -34) + -11 + -17 - 10?
-10
Evaluate 55 + -56 + (-1 + 0 - -1).
-1
Evaluate -1 + 2 - (-9 + -2 + (15 - -17)).
-20
What is the value of -11 + (6 - 6) - 0 - -6?
-5
(21 - 27 - -23) + 1
18
What is (0 - -6) + -1 + 3?
8
Calculate (-2 - 2) + -13 - -33.
16
Calculate -117 + 112 - (-4 - -2 - (5 - -1)).
3
Evaluate -1 + 9 + (3 + -4 - -7).
14
What is the value of (-4 + 1 - (47 + -49)) + (-3 - 9)?
-13
What is -2 - 3 - (2 + -5 + 6 + -5)?
-3
What is the value of 6 + (-3 + -4 - 6) - 11?
-18
Calculate (3 - -2) + 2 + 3.
10
Evaluate 2 - ((9 + -9 - 0) + 15 + 1).
-14
Calculate 36 + (-37 + 25 - 0 - (1 - 7)).
30
2 - 10 - (3 + -7 - (25 - 30))
-9
What is (-13 - (-8 + -4) - 9) + 14 + 0?
4
4 + -10 + (3 + -1 - (13 - 17))
0
What is the value of (45 - -19) + -64 - (-9 - 1)?
10
Evaluate (-9 - (-18 + 5)) + (2 + 0 - 15).
-9
What is the value of -46 + (71 - 16) - (-1 - -11)?
-1
-2 + (2 - (0 + 7)) - 4
-11
What is the value of -5 - (-11 + 13 + -2 + -14)?
9
What is the value of 0 - 1 - -13 - (41 + -32)?
3
What is 14 + -63 + 23 - -17?
-9
Calculate 8 - -1 - (28 + (-7 - -2)).
-14
Evaluate -1 + -4 + 2 + 2 + -14 + 9.
-6
Calculate (11 - (12 + -4)) + 5 + -11.
-3
What is the value of (5 - 6) + 21 - 11?
9
Evaluate -9 + (25 - 28) - (1 + (-5 - -2)).
-10
Evaluate (-11 - (-4 - (-5 + 13))) + (-15 - -1).
-13
What is 5 + (-9 - (0 + 2 - (-9 + 14)))?
-1
Calculate 11 + -9 + -15 + -11 - (5 + -1).
-28
Calculate 6 + -10 - (0 + 2 + 5 + -28).
17
(-1 + 4 - (-6 + 14 + -8)) + -9
-6
18 + 24 + -11 + -10 + -17
4
What is the value of 17 - 28 - -9 - 25?
-27
What is 5 + -2 + 2 + -2 + (74 - 74)?
3
Calculate -18 + 25 + 3 + -27 + 2.
-15
Evaluate 0 + -7 + 19 + -5 + -3 + -25.
-21
278 + -267 - (18 - (2 - 0))
-5
What is the value of (-1 + -6 + 12 - 11) + 29 + -4?
19
(78 - 76) + (-2 - (22 + 0))
-22
(2 - (21 - 13)) + 3 + (-5 - -28)
20
What is the value of 6 - 37 - (-33 + 6 + 18)?
-22
2 - (-8 + -2) - (103 - 96) - 19
-14
Evaluate 12 + -37 - -19 - (-34 - 5 - -2).
31
Evaluate (3 - 1) + 1 + (-214 - -243).
32
(-817 - -800) + (25 - 1)
7
What is the value of -3 - (-5 + -2 + -3)?
7
Calculate (6 - (5 - 3) - (31 - 55)) + -9.
19
What is the value of 2 - (2 + -6) - (5 + 12)?
-11
Evaluate (0 + 0 - -6) + (8511 - 8544).
-27
What is 9 - (3 + -2 - -31) - (-2 + -6)?
-15
Calculate 14 + -3 + -4 - (-234 - -239).
2
Evaluate -3 + -19 + 7 - -2.
-13
Calculate (-10 - -30 - -7) + -25.
2
What is 56 + -59 + (2 - 2 - 2)?
-5
Evaluate 17 + 8 + (-45 - -19).
-1
Calculate (-96 - -107) + 0 + -5.
6
Calculate 19 + (-28 + 13 - -12).
16
Calculate -9 - (17 - 14) - 2.
-14
Calculate (-6 - 3) + 5 + -16 + 1.
-19
Calculate -7 - (1 - 0 - 6 - (-58 + 56)).
-4
Evaluate -18 + 15 + (-2 - -1) + 0.
-4
Evaluate -1 + -1 + -14 + (1 - -11) - -6.
2
What is 16 + (5 - (-1 + 12)) - 2?
8
What is 31 + -9 + 11 + -14 + -9?
10
Evaluate -36 - (1 - (11 - ((-19 - -8) + 21))).
-36
Evaluate 9 - (0 - 4) - 14.
-1
-4 - ((-4 - -2) + (18 - 3))
-17
-5 + (13 - (11 - 3 - 5))
5
18 + 23 + -17 - 30
-6
Calculate 2 + -9 + (-20 - -10) + 5.
-12
-2 + -3 + -6 + 7 + -4 + 18
10
Evaluate -10 + (-2 - (1 - 5)) + (-3 - -1).
-10
-16 - -4 - -3 - (-7 - 7)
5
What is the value of 10 - -1 - ((69 - 60) + 1 + 18)?
-17
Calculate 5 + -7 + 4 + 4.
6
What is the value of 20 + 15 + -16 - 21?
-2
Calculate (-2 - -1) + (2 + -4 + 8 - 1).
4
What is the value of 10 + -23 + (8 - (4 + -3))?
-6
Calculate -922 - -908 - (0 + -10).
-4
What is -2 + 24 + -12 + -18 + 21?
13
Evaluate (-3 - (-1 - 2)) + -5 + -13 + 15.
-3
What is the value of 1 - (3 - (-1 + -1 - -9))?
5
-10 + (-1 - (-5 - -2)) - (-32 - -36)
-12
0 - (5 + -14) - 3
6
What is the value of 2 - (1 + 3 + (5 - 5 - 5))?
3
Evaluate -227 - -241 - (-1 + -2).
17
Calculate (-1 - -9) + -237 + 213.
-16
What is (-30 - (-10 + 7 - -7) - 2) + 0?
-36
Calculate -44 - -49 - ((-3 - -9) + -6).
5
Evaluate (5 - -6 - -6) + 0 + 3.
20
Evaluate (6 - 16) + 18 + 3.
11
-6 + 10 + 11 + -16
-1
Calculate -5 + -22 + (-2 - -32).
3
What is (-47 - -21) + 22 - -5?
1
Evaluate (-1 + 2 - 9 - 1) + (44 - 42).
-7
Calculate 7 + (1 - 12) + 7 + 3.
6
Evaluate -7 - (32 - 3) - -24.
-12
Calculate 13 - 1 - (88 + -69).
-7
Evaluate (-25 + 39 - (3 - -31)) + (5 - -1).
-14
What is the value of -3 - (6 - (6 + -1 + 11 + -12))?
-5
-22 + (-75 + 94 - (21 + -2))
-22
Evaluate -5 + 3 + -5 + 7 + 13 + -4.
9
(-4 - -33) + -27 - (2 + 0 + 4)
-4
Evaluate 4 - ((-11 - 0 - -6) + (-5 - -24)).
-10
Evaluate 0 + (7 + 1 - (12 + (12 - 20))).
4
Calculate -8 + 5 + 21 - (-42 - -34).
26
5 + 3 + (10 - 20) + -1
-3
Calculate 1 + -3 + -5 + 1 + -1 + 2.
-5
Calculate 2 + -27 + (3 - -20).
-2
-38 + 44 + 1 + -2 + -4
1
What is the value of -2 + (-5 - -3) + 